{"id":70,"date":"2015-01-03T12:00:16","date_gmt":"2015-01-03T12:00:16","guid":{"rendered":"https:\/\/www.fewo-schweicher-mitte.de\/?page_id=70"},"modified":"2016-02-15T19:31:44","modified_gmt":"2016-02-15T19:31:44","slug":"ausstattung","status":"publish","type":"page","link":"https:\/\/www.fewo-schweicher-mitte.de\/?page_id=70","title":{"rendered":"Ausstattung"},"content":{"rendered":"<p>Pkw-Parkplatz am Haus<br \/>\nAu\u00dfen-Rollladen<br \/>\nBalkon zur S\u00fcdseite<br \/>\nWLAN (kostenfrei)<br \/>\nFlachbildfernseher<br \/>\nSp\u00fclmaschine<br \/>\nMikrowelle<br \/>\nGefrierfach<br \/>\nKaffeemaschine<br \/>\nToaster<br \/>\nWaschmaschinen- und Trocknernutzung beim Vermieter m\u00f6glich (gegen Geb\u00fchr)<\/p>\n","protected":false},"excerpt":{"rendered":"<p>Pkw-Parkplatz am Haus Au\u00dfen-Rollladen Balkon zur S\u00fcdseite WLAN (kostenfrei) Flachbildfernseher Sp\u00fclmaschine Mikrowelle Gefrierfach Kaffeemaschine Toaster Waschmaschinen- und Trocknernutzung beim Vermieter m\u00f6glich (gegen Geb\u00fchr)<\/p>\n","protected":false},"author":1,"featured_media":0,"parent":12,"menu_order":3,"comment_status":"closed","ping_status":"open","template":"","meta":{"footnotes":""},"class_list":["post-70","page","type-page","status-publish","hentry"],"_links":{"self":[{"href":"https:\/\/www.fewo-schweicher-mitte.de\/index.php?rest_route=\/wp\/v2\/pages\/70","targetHints":{"allow":["GET"]}}],"collection":[{"href":"https:\/\/www.fewo-schweicher-mitte.de\/index.php?rest_route=\/wp\/v2\/pages"}],"about":[{"href":"https:\/\/www.fewo-schweicher-mitte.de\/index.php?rest_route=\/wp\/v2\/types\/page"}],"author":[{"embeddable":true,"href":"https:\/\/www.fewo-schweicher-mitte.de\/index.php?rest_route=\/wp\/v2\/users\/1"}],"replies":[{"embeddable":true,"href":"https:\/\/www.fewo-schweicher-mitte.de\/index.php?rest_route=%2Fwp%2Fv2%2Fcomments&post=70"}],"version-history":[{"count":5,"href":"https:\/\/www.fewo-schweicher-mitte.de\/index.php?rest_route=\/wp\/v2\/pages\/70\/revisions"}],"predecessor-version":[{"id":227,"href":"https:\/\/www.fewo-schweicher-mitte.de\/index.php?rest_route=\/wp\/v2\/pages\/70\/revisions\/227"}],"up":[{"embeddable":true,"href":"https:\/\/www.fewo-schweicher-mitte.de\/index.php?rest_route=\/wp\/v2\/pages\/12"}],"wp:attachment":[{"href":"https:\/\/www.fewo-schweicher-mitte.de\/index.php?rest_route=%2Fwp%2Fv2%2Fmedia&parent=70"}],"curies":[{"name":"wp","href":"https:\/\/api.w.org\/{rel}","templated":true}]}}