{"id":10,"date":"2014-12-28T21:26:14","date_gmt":"2014-12-28T21:26:14","guid":{"rendered":"https:\/\/www.fewo-schweicher-mitte.de\/?page_id=10"},"modified":"2016-02-15T19:06:31","modified_gmt":"2016-02-15T19:06:31","slug":"lage","status":"publish","type":"page","link":"https:\/\/www.fewo-schweicher-mitte.de\/?page_id=10","title":{"rendered":"Lage"},"content":{"rendered":"<p>In der ruhigen Langgartenstra\u00dfe mitten im Zentrum von Schweich liegt die moderne, helle Nichtraucherwohnung mit Ausblick in gr\u00fcne G\u00e4rten.<\/p>\n<p>Entfernungen:<\/p>\n<ul>\n<li>zum Zentrum 200 \u2013 300 m<\/li>\n<li>zu den Superm\u00e4rkten 500 m<\/li>\n<li>zur Mosel und zum Moselradweg 500 m<\/li>\n<li>zum Moselsteig\/Weinberge 500 m<\/li>\n<li>zum Bahnhof 1500 m<\/li>\n<li>zur Autobahn 2000 m<\/li>\n<\/ul>\n","protected":false},"excerpt":{"rendered":"<p>In der ruhigen Langgartenstra\u00dfe mitten im Zentrum von Schweich liegt die moderne, helle Nichtraucherwohnung mit Ausblick in gr\u00fcne G\u00e4rten. Entfernungen: zum Zentrum 200 \u2013 300 m zu den Superm\u00e4rkten 500 m zur Mosel und zum Moselradweg 500 m zum Moselsteig\/Weinberge 500 m zum Bahnhof 1500 m zur Autobahn 2000 m<\/p>\n","protected":false},"author":1,"featured_media":0,"parent":0,"menu_order":0,"comment_status":"closed","ping_status":"open","template":"","meta":{"footnotes":""},"class_list":["post-10","page","type-page","status-publish","hentry"],"_links":{"self":[{"href":"https:\/\/www.fewo-schweicher-mitte.de\/index.php?rest_route=\/wp\/v2\/pages\/10","targetHints":{"allow":["GET"]}}],"collection":[{"href":"https:\/\/www.fewo-schweicher-mitte.de\/index.php?rest_route=\/wp\/v2\/pages"}],"about":[{"href":"https:\/\/www.fewo-schweicher-mitte.de\/index.php?rest_route=\/wp\/v2\/types\/page"}],"author":[{"embeddable":true,"href":"https:\/\/www.fewo-schweicher-mitte.de\/index.php?rest_route=\/wp\/v2\/users\/1"}],"replies":[{"embeddable":true,"href":"https:\/\/www.fewo-schweicher-mitte.de\/index.php?rest_route=%2Fwp%2Fv2%2Fcomments&post=10"}],"version-history":[{"count":7,"href":"https:\/\/www.fewo-schweicher-mitte.de\/index.php?rest_route=\/wp\/v2\/pages\/10\/revisions"}],"predecessor-version":[{"id":207,"href":"https:\/\/www.fewo-schweicher-mitte.de\/index.php?rest_route=\/wp\/v2\/pages\/10\/revisions\/207"}],"wp:attachment":[{"href":"https:\/\/www.fewo-schweicher-mitte.de\/index.php?rest_route=%2Fwp%2Fv2%2Fmedia&parent=10"}],"curies":[{"name":"wp","href":"https:\/\/api.w.org\/{rel}","templated":true}]}}

<p>In der ruhigen Langgartenstraße mitten im Zentrum von Schweich liegt die moderne, helle Nichtraucherwohnung mit Ausblick in grüne Gärten.</p>
<p>Entfernungen:</p>
<ul>
<li>zum Zentrum 200 – 300 m</li>
<li>zu den Supermärkten 500 m</li>
<li>zur Mosel und zum Moselradweg 500 m</li>
<li>zum Moselsteig/Weinberge 500 m</li>
<li>zum Bahnhof 1500 m</li>
<li>zur Autobahn 2000 m</li>
</ul>

<p>In der ruhigen Langgartenstraße mitten im Zentrum von Schweich liegt die moderne, helle Nichtraucherwohnung mit Ausblick in grüne Gärten. Entfernungen: zum Zentrum 200 – 300 m zu den Supermärkten 500 m zur Mosel und zum Moselradweg 500 m zum Moselsteig/Weinberge 500 m zum Bahnhof 1500 m zur Autobahn 2000 m</p>
